390
Let b(f) = -f**3 + 55*f**2 + 54*f + 397. Give b(56).
285
Let d(w) = -14321*w + 257776. Determine d(18).
-2
Let d(s) = 47*s - 1648. Give d(35).
-3
Let b(m) = -6*m + 65. What is b(-10)?
125
Let c(t) = t**3 - 27*t**2 - 53*t - 154. Determine c(29).
-9
Let b(t) = -11*t + 35. Calculate b(4).
-9
Let i(b) = -b**2 - 20*b + 915. Calculate i(-42).
-9
Let n(p) = 2*p**3 + 8*p**2 - 12*p - 4. Calculate n(-5).
6
Let s(n) = n**2 - 3*n + 11. What is s(-8)?
99
Let h(n) = -n**3 + 84*n**2 + 3*n - 673. Determine h(84).
-421
Let g(o) = -o**2 - 15*o + 225. Determine g(-26).
-61
Let k(o) = o**3 + 18*o**2 - 16*o + 16. What is k(-19)?
-41
Let x(d) = 8*d**2 + 166*d + 62. Calculate x(-24).
686
Let i(k) = 25*k + 209. What is i(-8)?
9
Let j(t) = -29*t - 972. Determine j(-34).
14
Let u(a) = 60*a + 18615. Determine u(-310).
15
Let k(a) = 21*a**2 - 173*a - 43. Give k(8).
-83
Let h(o) = 51*o + 969. Give h(-23).
-204
Let x(n) = -165*n**2 + 8*n - 2. Calculate x(-1).
-175
Let y(s) = -s**2 - 328*s + 10349. Calculate y(29).
-4
Let d(x) = -x**3 - 12*x**2 + 137*x + 62. Give d(-19).
-14
Let d(h) = -h**3 + 11*h**2 + 15*h + 136. Give d(13).
-7
Let y(v) = -v**3 - 13*v**2 + 13*v - 15. What is y(-14)?
-1
Let r(d) = -d**3 - 56*d**2 - 289*d + 538. Give r(-50).
-12
Let b(u) = 494*u**2 - 58*u - 57. Give b(-1).
495
Let d(x) = -22034*x - 44068. Determine d(-2).
0
Let l(u) = u**3 + 31*u**2 + 53*u - 56. Calculate l(-29).
89
Let o(x) = -x**2 - 118*x - 2852. What is o(-34)?
4
Let o(r) = r**3 - 215*r**2 - 130*r - 18578. What is o(216)?
-2
Let m(b) = 36*b + 420. Determine m(-12).
-12
Let i(b) = 22*b - 155. Determine i(0).
-155
Let k(b) = -95*b + 14427. What is k(152)?
-13
Let n(i) = 682*i - 3520. What is n(5)?
-110
Let d(u) = u**2 - 29*u + 69. What is d(26)?
-9
Let i(r) = -188*r - 8121. Calculate i(-43).
-37
Let b(l) = -3*l - 561. Calculate b(0).
-561
Let c(d) = d**2 - 35*d - 1760. Give c(63).
4
Let u(o) = -9*o**2 - 120*o + 239. Calculate u(2).
-37
Let p(w) = -4*w**3 + 10*w**2 - 23*w - 16. Calculate p(5).
-381
Let m(r) = -30*r - 876. Give m(-29).
-6
Let s(d) = 15*d - 45. Determine s(-3).
-90
Let d(x) = 2*x**2 + 134*x - 582. Calculate d(-71).
-14
Let v(g) = g**3 + 49*g**2 + 141*g + 140. Calculate v(-46).
2
Let r(f) = 2*f**3 - 12*f**2 - 6*f - 50. Determine r(7).
6
Let n(z) = 1850*z + 44399. Calculate n(-24).
-1
Let u(s) = s**2 + 17*s - 127. What is u(8)?
73
Let k(j) = -j**3 - 22*j**2 - 10*j - 234. Give k(-22).
-14
Let t(f) = 9*f**2 + 20*f - 548. What is t(-9)?
1
Let j(v) = -v**2 + 42*v - 267. Calculate j(36).
-51
Let a(c) = -c**3 - 5*c**2 + 5*c - 33. Give a(-6).
-27
Let r(s) = 5*s + 193. Give r(64).
513
Let b(y) = -36*y + 1072. Calculate b(29).
28
Let w(z) = 519*z - 522. Calculate w(1).
-3
Let x(r) = -271*r + 22. Determine x(2).
-520
Let y(z) = 42*z + 695. Calculate y(-17).
-19
Let h(y) = y**2 - 173*y + 7369. Calculate h(97).
-3
Let j(m) = m**2 - 125*m + 2652. Calculate j(96).
-132
Let y(l) = 499*l**3 - 6*l**2 - l + 2. Calculate y(-1).
-502
Let j(x) = x**3 - 126*x**2 + 945*x - 129. Give j(118).
-11
Let v(g) = -g**3 - 2*g**2 + 69*g + 260. What is v(-5)?
-10
Let r(x) = 42*x + 38. Give r(1).
80
Let s(f) = -2*f**3 + 61*f**2 - 34*f - 154. Calculate s(30).
-274
Let l(g) = -65*g - 219. Calculate l(-3).
-24
Let p(a) = -18*a - 132. Calculate p(-11).
66
Let p(h) = 3*h**3 - 48*h**2 + 37*h - 1. What is p(15)?
-121
Let s(d) = 6*d**2 - 6*d + 19. Calculate s(5).
139
Let d(l) = l**3 - 16*l**2 - 15*l - 34. Determine d(16).
-274
Let t(b) = -3*b**3 - 69*b**2 + 3*b + 15. Calculate t(-23).
-54
Let c(y) = -997*y - 10953. Calculate c(-11).
14
Let t(j) = 42*j - 23. Give t(1).
19
Let j(z) = -52*z + 717. Calculate j(17).
-167
Let x(j) = 17*j**2 + 134*j - 569. What is x(4)?
239
Let b(z) = z**3 - 11*z**2 + 2*z + 155. Determine b(9).
11
Let d(i) = 53*i + 28. Determine d(-6).
-290
Let t(x) = x**3 + 15*x**2 - 8*x - 112. Give t(-15).
8
Let v(g) = g**3 - 19*g**2 + 62*g + 56. Give v(12).
-208
Let m(p) = -6*p**2 + 521*p + 2286. Calculate m(91).
11
Let q(p) = p**2 + 491*p - 13987. Give q(27).
-1
Let y(w) = 92*w + 11279. Give y(-122).
55
Let n(d) = 10*d + 71. What is n(-10)?
-29
Let w(r) = 545*r + 5987. Calculate w(-11).
-8
Let w(c) = 78*c + 1353. Determine w(-17).
27
Let l(h) = 2*h**2 - 109*h + 158. What is l(53)?
-1
Let z(v) = -v**3 - 16*v**2 + 108*v - 1231. Calculate z(-23).
-12
Let z(l) = -l**2 + 166*l + 13. Give z(0).
13
Let v(g) = g**3 - 90*g**2 - 276*g - 272. Calculate v(93).
7
Let w(m) = -2*m**3 + 5*m**2 + 24*m + 15. What is w(-2)?
3
Let r(p) = 37*p + 262. Give r(-12).
-182
Let n(s) = -2*s**2 - 46*s - 81. Calculate n(-21).
3
Let j(b) = -2*b**3 - 20*b**2 + 19*b - 37. Calculate j(-11).
-4
Let f(o) = -65*o - 264. Give f(-4).
-4
Let h(o) = -2*o**2 + 1061*o - 12446. What is h(12)?
-2
Let k(u) = -6*u**2 + 374*u + 1870. Calculate k(67).
-6
Let j(m) = -66*m**3 + 2*m**2 + 3*m + 3. Calculate j(-1).
68
Let l(k) = k**3 + 3*k**2 - 113*k - 77. What is l(-12)?
-17
Let v(t) = 1230*t - 46732. Calculate v(38).
8
Let y(u) = 3*u**2 - 160*u + 487. Give y(49).
-150
Let l(n) = n**3 - 11*n**2 - 138*n + 202. Calculate l(18).
-14
Let w(z) = -36*z**3 + 2*z**2 - z + 124. Calculate w(0).
124
Let f(d) = -1590*d + 3022. What is f(2)?
-158
Let o(w) = 16*w - 49. Calculate o(2).
-17
Let w(i) = 5*i**2 - 340*i + 5649. What is w(29)?
-6
Let h(r) = -8*r + 232. Calculate h(41).
-96
Let a(w) = 7*w**2 + 84*w - 381. What is a(6)?
375
Let z(j) = 5*j**3 + 165*j**2 + 454*j + 3. Give z(-30).
-117
Let k(l) = l**3 - 16*l**2 + 12*l + 35. Determine k(15).
-10
Let p(f) = 2*f**3 + 4*f**2 - 6*f - 9. Determine p(-2).
3
Let c(l) = -l**3 + 14*l**2 + 38*l - 68. Give c(16).
28
Let w(z) = -z**2 + 16*z + 1. What is w(14)?
29
Let f(w) = 2*w**2 + 63*w - 124. Give f(2).
10
Let b(n) = n**3 + 16*n - 42. Give b(4).
86
Let m(x) = 19*x**2 + 164*x + 220. Calculate m(-7).
3
Let v(a) = a**3 - 6*a**2 + 16*a - 32. Calculate v(4).
0
Let s(p) = p**2 - 39*p + 298. Give s(19).
-82
Let b(h) = -650*h + 2. Calculate b(-1).
652
Let y(f) = f**3 + 100*f**2 - 2*f - 55. Calculate y(-100).
145
Let q(l) = -l**3 - 44*l**2 - 34*l + 304. Determine q(-43).
-83
Let d(q) = 2*q**3 + 13*q**2 - 44*q - 69. What is d(-9)?
-78
Let g(y) = 9*y - 329. What is g(76)?
355
Let r(t) = t**3 + 132*t**2 + 509*t - 367. Determine r(-128).
17
Let w(k) = -2603*k + 13021. Calculate w(5).
6
Let i(o) = 2*o**2 - 398*o - 4616. Calculate i(210).
4
Let j(u) = -435*u + 2425. What is j(5)?
250
Let s(u) = -u**3 - 31*u**2 + 94*u + 1. What is s(3)?
-23
Let p(s) = -s**3 + s**2 - 6*s - 287. Give p(-6).
1
Let x(b) = 8*b**2 - 50*b - 1. What is x(7)?
41
Let u(n) = 2*n**2 + 8*n - 62. Determine u(-7).
-20
Let w(x) = x**3 - 21*x**2 - 11*x + 352. Give w(22).
594
Let p(h) = -h**2 + 259*h + 8047. Calculate p(-28).
11
Let v(c) = -c**2 - 5*c + 30. Give v(6).
-36
Let r(t) = t**2 - 9*t - 17. Calculate r(9).
-17
Let o(t) = 104*t**2 + 1067*t - 1067. Give o(1).
104
Let k(l) = -l**3 - l**2 - 15*l - 22. Determine k(-3).
41
Let f(u) = 1475*u - 50188. What is f(34)?
-38
Let x(j) = -j**2 - 131*j - 4185. Calculate x(-71).
75
Let k(f) = -2*f**3 + 63*f**2 + 13*f + 527. Determine k(32).
-81
Let a(r) = r**3 + 41*r**2 + 282*r - 189. What is a(-32)?
3
Let u(a) = -4*a**2 + 177*a + 136. Calculate u(45).
1
Let z(p) = -p**3 - 118*p**2 + 241*p + 140. What is z(-120)?
20
Let z(j) = -j**3 - 9*j**2 - 10*j + 1. Calculate z(-5).
-49
Let o(q) = 291*q - 8330. Calculate o(29).
109
Let l(j) = 335*j + 50908. Determine l(-152).
-12
Let h(r) = 3056*r + 27513. Calculate h(-9).
9
Let k(l) = -354*l**3 + 1065*l**2 - 7*l - 7. Give k(3).
-1
Let p(s) = s**3 - 11*s**2 + 6*s + 77. Determine p(10).
37
Let d(r) = r**3 + 36*r**2 + 206*r + 101. What is d(-29)?
14
Let p(t) = -21*t - 126. What is p(0)?
-126
Let z(s) = -s**2 + 95*s + 471. What is z(98)?
177
Let i(d) = -3*d**3 - 3*d**2 + 10*d - 12. Calculate i(3).
-90
Let t(q) = -78*q - 291. What is t(-8)?
333
Let a(d) = 2*d**3 - 5*d**2 - 5*d - 9. What is a(5)?
91
Let m(y) = -3*y**2 + 38*y + 22. Give m(18).
-266
Let v(h) = -h**3 + 9*h**2 - 4*h - 5. Give v(6).
79
Let u(x) = 65*x - 531. What is u(8)?
-11
Let w(i) = -4*i + 536. What is w(18)?
464
Let b(j) = 130*j**2 + 22*j - 56. Determine b(2).
508
Let x(d) = d**3 + 93*d**2 + 680*d - 2. Calculate x(-8).
-2
Let q(k) = -6*k**2 - 16*k - 31. Give q(-3).
-37
Let w(f) = f**3 + 266*f**2 + 13190*f - 2007. Give w(-200).
